+ -5.
-4
Evaluate -3 + -1 + -2 + 5 - -3.
2
0 + (-1 - -5) + -269 + 272
7
What is (0 - 7) + 9 + -4?
-2
0 + 3 + 3 + -4
2
What is the value of 5 - (5 + (-3 - -3))?
0
-11 + 0 - (6 - 7)
-10
What is the value of 15 + (-6 + 0 - 4)?
5
Calculate -1 + -20 - (52 + -65).
-8
What is (-2 - -3 - 3 - 1) + 1?
-2
What is (-2 - 2) + (6 - 3) + 2?
1
Evaluate 3 + -14 + 14 + (3 - 1).
5
Calculate -8 - (0 + -1 - 3).
-4
What is (10 - 3) + -14 + (-7 - -18)?
4
Evaluate -15 + 13 - 9 - -12.
1
Calculate 1 + -1 + -2 + 6.
4
Evaluate 2 + -1 + 0 + -3.
-2
What is -2 - (-2 - 0) - -4?
4
What is (1 - 2) + -6 + 2 + 0?
-5
Calculate 46 + -43 + (-1 - -3).
5
Evaluate 1 - 1 - (-17 - -14).
3
Evaluate 4 - (6 - 2 - (6 - 4)).
2
What is the value of (45 - 47) + (-2 - -2)?
-2
What is the value of 3 + (6 - -3) + -4?
8
What is 2 + -4 - (-8 + 4)?
2
What is the value of 5 + (4 - (5 - 2))?
6
Calculate -5 + (-5 - -8 - 7) - 1.
-10
What is the value of (-2 - (-4 + 0)) + -8?
-6
-6 + 1 + 3 + 4 + -2
0
What is 5 - (3 - (4 + -2)) - 0?
4
What is 1 + (14 - 6) + -6?
3
Evaluate (-7 - 1) + (2 - 1) + 1.
-6
Evaluate (-1 - 2) + 17 + -14 - 2.
-2
Evaluate 2 - (3 + (6 - 4)).
-3
Calculate -3 + -1 + (2 - 1).
-3
What is -8 - -4 - (-2 + 0)?
-2
-5 + 2 - (-3 + 5)
-5
-6 + (6 - 6) + 8 - 0
2
6 - (4 - (9 + -6))
5
Calculate (-18 - -21) + (-4 - 1).
-2
What is -1 - (2 + -8) - (-51 + 55)?
1
-4 - (5 + -12 + 0)
3
(11 - 16) + 3 + 2 + -1
-1
What is -11 + (-6 - -5) - -19?
7
-3 - (-1 - 3 - -3)
-2
What is -10 + -9 + 6 + 5?
-8
What is -5 + (5 - 3) - (-5 + 2)?
0
Calculate -2 + 0 + (-21 - -21).
-2
What is the value of (8 - 8) + 4 + -2?
2
Calculate -4 + 4 - (1 + 5 - 2).
-4
Calculate -4 + -5 + 6 - (-1 + 1).
-3
What is the value of 1 - (-1 - (-2 + -7))?
-7
Evaluate -1 + 4 - (10 - 2).
-5
What is the value of -1 + 1 - (-26 + 28)?
-2
What is -3 + -3 + 2 + 3?
-1
Evaluate -4 - (-7 + 1 + 45 + -37).
-6
What is the value of 0 + 0 + -9 + 8 - -6?
5
Evaluate -5 - ((2 - (0 - 0)) + -4).
-3
What is 1 + -3 + 13 + -17 + 4?
-2
Evaluate -4 + 6 + (-1 + 0 - -4).
5
-2 - (-1 - -1 - -1)
-3
1 - (5 - 7) - 0
3
What is 2 - -1 - (6 + -7 + 5)?
-1
Evaluate (-8 - -1) + -4 + 26 - 8.
7
What is 2 - ((8 - 7) + 1 + 0)?
0
What is the value of 9 + -13 - 6 - -4?
-6
Calculate 11 + -24 + 7 + 9.
3
Calculate -5 + 7 - 7 - (-3 - 1).
-1
-5 - (-10 + (-12 - -10))
7
What is the value of (2 + (-7 - -4) - 0) + 3?
2
Evaluate 0 - ((-6 - -7) + -11) - 6.
4
What is 11 - (-5 - -18) - (1 - -6)?
-9
What is the value of (13 - 4) + (-5 - -2)?
6
-1 - ((4 - 8) + 3 - 3)
3
-6 + (2 - (-14 + 0))
10
What is the value of 13 + -4 + -20 - -15?
4
Evaluate -3 - (-5 + 1 + 1).
0
Evaluate -3 + -1 - ((3 - 4) + 0).
-3
-6 - 2 - (-14 + 11 - 2)
-3
What is (7 - 18 - -6) + 2 + 0?
-3
-4 + (0 - -1) + (0 - 2)
-5
What is -5 + -1 + -1 + 7?
0
What is (1 - -3 - (0 - 1)) + -6?
-1
0 + (-1 - 0) + -3 + 5
1
Evaluate 2 + (2 - 4) - (0 + 3).
-3
What is -7 + (13 + -6 - (0 + 1))?
-1
Calculate -5 - -6 - (16 + -12).
-3
Evaluate -13 + 7 + (2 - -1) - -7.
4
3 + -1 - (0 + 2)
0
(-3 - ((0 - 7) + 2)) + -1
1
Evaluate 0 + (-2 - 0 - (-2 - 3)).
3
What is the value of -6 + -6 + 11 - 5?
-6
What is the value of -5 + (-4 - -13 - 2)?
2
What is -5 + (-2 - ((2 - 2) + -5))?
-2
What is 5 - ((-12 - (-13 + 7)) + 12)?
-1
What is the value of 6 + -5 + 5 + -12 + 4?
-2
Evaluate 4 + (2 - (6 - 7 - -2)).
5
Evaluate 10 + (-3 - (3 + 0)).
4
What is -1 + -1 + 6 + -12 + 15?
7
What is (1 - (-4 - 0)) + 0?
5
What is 4 + -2 + 0 + -1?
1
What is -5 + -5 + 27 + -7?
10
-20 + 6 - (4 + -8 - 0)
-10
What is the value of 4 - (2 + -2 - -7)?
-3
What is the value of -2 - (0 - (-4 - (0 - 2)))?
-4
Evaluate 5 - (0 + 11 + -5).
-1
Evaluate -6 + (9 + -5 - 0) + -4.
-6
What is the value of -3 + (-6 + 9 - (1 - 0))?
-1
What is 0 + -4 + 0 + (0 - -3)?
-1
Calculate 0 - (-4 - -5 - -5).
-6
Calculate 3 + (3 - -3 - 5).
4
What is -3 + 2 + 3 + -1?
1
Calculate 1 + 0 + (8 - 10) - -3.
2
Calculate -21 + 16 + (3 - (-1 + 2)).
-3
Evaluate 18 + -6 + -4 - 0.
8
What is 0 - (3 - (-4 + (6 - 1)))?
-2
Calculate (1 - -2) + -7 + 4.
0
(7 + -3 - (1 + -2)) + 0
5
-11 + (7 - 2) + -2 - -6
-2
0 + (-2 - -2) + 6 + -3
3
-4 + 0 + 6 + -3
-1
What is 9 + -8 - (-12 + (2 - -2))?
9
What is the value of -1 + 0 + (4 + 1 - 4)?
0
Calculate -1 + 4 + 4 + (3 - 14).
-4
Evaluate 6 - (-1 + 8 - 2).
1
What is the value of -2 - (-11 + 6 - -2)?
1
What is -10 + 6 + 2 + 2?
0
-5 - (-5 - (-1 + 6))
5
Evaluate -1 - 2 - (4 + -7) - -3.
3
(4 - (2 - 10)) + -10
2
-11 - -7 - (-2 - (0 - 0))
-2
Evaluate (2 - 7) + 5 + 0 + -1.
-1
What is (16 - (-3 + 11)) + -2 + -11?
-5
Calculate (1 - 1) + (4 - (-2 + -2)).
8
Evaluate 3 + -5 - (1 + 2).
-5
Calculate 1 + 1 + (5 - -9) + -10.
6
What is 16 + (-11 - -2) - (0 + 6)?
1
What is the value of -1 + 7 + 0 + -2?
4
Calculate -3 + -4 + 1 - (-6 + 2).
-2
Evaluate -3 - (-2 - (-4 + 3 + 0)).
-2
What is the value of 2 + (-1 - 3) + 10?
8
(-10 + 12 - -5) + -6
1
What is (5 - 1) + -11 + (14 - 8)?
-1
Evaluate (0 + -3 - 4) + 4.
-3
-5 + (3 - 0) - 3
-5
-1 + (6 - 4) + 2
3
What is the value of (2 + -1 - 1) + -5?
-5
8 + (-30 - -12) - -9
-1
What is the value of 13 + -1 - 16 - -12?
8
Evaluate -4 + -2 - (10 + -13) - -6.
3
What is 5 - (-1 + 6 + 2)?
-2
What is the value of (8 - 4) + -2 + 2?
4
Evaluate -2 - (-6 - -2) - 0.
2
Evaluate -5 - 1 - (-12 - -7).
-1
Evaluate 7 - (28 - 14) - -11.
4
What is the value of -1 + (-6 - -2) + 4 - 1?
-2
-2 + 5 + 2 - 9
-4
What is the value of -7 + (-1 - -4) - (-1 + -2)?
-1
What is (0 - -1) + 1 + 12 + -9?
5
9 + -8 + (-3 - 4)
-6
Calculate 1 + (1 - (0 + 1)).
1
What is the value of 5 + -12 + 4 + -1 + 4?
0
Calculate (-7 + 3 - (-1 - -1)) + 3.
-1
What is the value of 1 + 3 + 0 + -1?
3
What is 4 + -4 + (0 - -1) - 0?
1
Calculate (0 - 5) + -1 + 2.
-4
What is 0 + (0 - -4 - (28 + -23))?
-1
What is the value of 9 + -9 + 12 + -10?
2
What is the value of 0 + (2 - -1 - 0)?
3
Calculate (2 - (4 + -5)) + 1.
4
Evaluate 5 - (13 + -5) - -2.
-1
(5 - (-5 + 0)) + -6
4
What is (7 - 11) + -2 + 4?
-2
What is 8 + (-1 - 5) - (0 + 3)?
-1
Evaluate (5 - -1) + 31 + -37.
0
Evaluate 9 - (-2 + 0 + 5).
6
7 - 19 - (4 + -11)
-5
What is -9 - (-9 + 2) - -7?
5
Evaluate 5 - (6 - 1) - 4.
-4
(-7 - 3 - (-3 + -2)) + 14
9
Calculate -8 - (2 + -4 + -2).
-4
Calculate 4 + 5 + -8 + 2.
3
Evaluate 2 - ((1 - 1) + 1) - -4.
5
What is -8 - (-2 + 0 - 5) - 3?
-4
Calculate -9 + 2 - (2 - (11 - 5)).
-3
What is the value of (0 - 7) + 5 + -4?
-6
Calculate 1 - (1 - -1 - 3).
2
Evaluate -4 + -1 - (-1 + (3 - 3)).
-4
What is the value of -2 + (-4 - -4 - -3) - 1?
0
What is (6 + 9 - 8) + 1?
8
What is the value of -12 + 6 - (-2 + -4)?
0
What is (8 - 3) + (-2 + 0 - 0)?
3
Calculate -15 - -9 - (1 - 2).
-5
What is the value of 13 + (-15 - -1 - -7) + -7?
-1
What is the value of -3 + (1 - -3 - -2)?
3
Calculate -1 - (3 + 2 - 3).
-3
What is -28 + 23 - (-8 - -1)?
2
Evaluate 0 - 2 - (0 + 3).
-5
Evaluate -1 + 1 - 5 - 1 - -2.
-4
Calculate 4 - (4 - 2) - -2 - 4.
0
What is the value of (-8 - -3) + (2 - -1) + 2?
0
Evaluate -4 - (-3 - -3 - -4 - 9).
1
-3 - (1 - 4 - -1 - 0)
-1
(10 + 0 - (-6 + 13)) + 6
9
What is -14 + 9 - (-3 + 2 + -1)?
-3
Evaluate -2 + (5 - (-2 + 0)).
5
What is -1 + -7 - (14 + (-28 - -8))?
-2
2 + (6 - (14 - 2)) + 10
6
Calculate -5 + (-3 - (-2 - 2) - -2).
-2
Evaluate (-1 - (1 - 4)) + 2 - 8.
-4
What is (-3 - -9) + (-2 - (-5 + 10))?
-1
What is 1 - (-6 - 8 - -10)?
5
Evaluate -1 + (1 - 3 - -5).
2
Evaluate 1 + 2 + -8 + 4 + -3.
-4
What is the value of -8 + -3 - (18 - 28)?
-1
Evaluate -8 + 9 - (0 + -3).
4
Calculate 1 + (0 - -3) + -2 + 3.
5
3 - -2 - (22 - 24)
7
Calculate -1 + -2 - (4 - (8 - 4)).
-3
Calculate 7 - (1 + (14 - (3 + -3))).
-8
What is (9 - (-11 + 19)) + 1?
2
Calculate 10 + 9 - 10 - 19.
-10
-1 + (3 - (-1 - -8))
-5
3 - (7 - 4) - (3 - -2)
-5
Calculate 5 - 0 - (0 + 2 + 2).
1
What is the value of -2 + -5 - (0 - 9)?
2
Evaluate 5 + -1 + (-1 - 1) - 5.
-3
(2 - (-6 + -3)) + -7 + 1
5
What is the value of 0 + 3 - 0 - (-1 + 6)?
-2
Calculate 2 - (-3 + -4 + 4 + 5).
0
(12 - 11) + (-5 + -3 - -1)
-6
Calculate -3 + 0 + 1 + 4 + -6.
-4
Evaluate -3 - -8 - (4 + -1 + -4).
6
4 + (0 + -4 - 4)
-4
What is -2 - (-4 - -4 - -1) - -7?
4
What is the value of (10 - -5) + -10 + 3?
8
-10 + 4 - (1 - 4)
-3
-3 + 0 - (-3 + -2)
2
What is 3 + -8 + 7 + (0 - -3)?
5
What is -8 - 0 - (-5 + 2)?
-5
Evaluate 1 + (-9 - -15 - (12 - 2)).
-3
What is -4 + (3 - (1 + 0))?
-2
Evaluate (5 - (11 + -6)) + (0 - -5).
5
Evaluate 12 + -16 + (-1 - 0).
-5
-1 + -2 - (8